20600. List the prime factors of p.
2, 5, 103
Suppose -56*c - 537 = -57*c. What are the prime factors of c?
3, 179
Let q(m) = -7*m**2 - 9*m + 7. Let k be q(-7). Let n = 138 + k. Let u = -91 - n. What are the prime factors of u?
2, 11
Suppose -4*v - 6 = -5*v. Let k be (1 + 9)/(-2 + (-16)/(-4)). Suppose -4*s + 40 = k*l - 106, 5*s + v = l. What are the prime factors of l?
2, 13
Let o(k) = -83*k**3 - k**2 - 2*k - 1. Let y be o(-1). Let h = y - -37. List the prime factors of h.
2, 3, 5
What are the prime factors of (-31 - -295) + 2 + 1?
3, 89
Let p(u) = -4 - u**2 + 2*u + 9*u + 9 - 1. Suppose g - 50 = -4*g. What are the prime factors of p(g)?
2, 7
Suppose -u + 170 = 5*r, 5*r = -3*u + 784 - 254. What are the prime factors of u?
2, 3, 5
Let b = -183 + 446. What are the prime factors of b?
263
Suppose -120 - 231 = -3*o + 4*y, -3*y = -5*o + 596. Let d = -71 + o. List the prime factors of d.
2, 5
Let t(c) = 3*c**2 - c - 18. Let x be (-3)/15 - (-1 - (-93)/(-15)). What are the prime factors of t(x)?
2, 61
Let o = -7 + 1. Let d be ((-10)/4)/(o/12). Suppose -10 = -d*w + 3*w. List the prime factors of w.
5
Suppose r - 769 = -4*a, 2*r + a - 1806 + 261 = 0. What are the prime factors of r?
773
Suppose -8*x + 3*x + 5*b = -2500, 0 = -3*x - 3*b + 1494. List the prime factors of x.
499
Suppose -5 = 6*n - 29. What are the prime factors of 40/15*150/n?
2, 5
Let t be 43/8 - -4*3/(-32). Let k(d) = 5*d**2 + 2*d + 2. List the prime factors of k(t).
137
Let v(f) = -f**3 + 5*f**2 - 6*f + 7. Let p be v(6). Let h = -49 + 32. Let a = h - p. What are the prime factors of a?
2, 3
Suppose -8*z + 4*z = -152. Let w = 14 + z. List the prime factors of w.
2, 13
Let i be (1626/4)/((-9)/(-12)). Let n = i + -289. What are the prime factors of n?
11, 23
Let r = -991 - -1537. List the prime factors of r.
2, 3, 7, 13
Let d = -1705 + 3160. What are the prime factors of d?
3, 5, 97
Let b = 143 - 22. Suppose 0 = -2*v - 39 + b. List the prime factors of v.
41
Let u(y) = -10 - 3 + 4 - 5 - 16*y. List the prime factors of u(-3).
2, 17
Let g(d) = 2*d**3 - 9*d**2 + 37*d - 21. What are the prime factors of g(7)?
3, 7, 23
Let f be -1 + 138 + 0 + -1. Suppose 5*c + 2*z - 2 = 0, -5*c - 5*z = -4*z - 1. Suppose -5*j + f = -2*o, c = -2*j + o + 31 + 24. List the prime factors of j.
2, 13
Let i be (-12)/10*(-5 - 75/9). Suppose 3*k - 8 = i. What are the prime factors of k?
2
Suppose -7*o + 1306 + 269 = 0. List the prime factors of o.
3, 5
Let d(j) = -572*j + 92. What are the prime factors of d(-2)?
2, 3, 103
Suppose 0 = 2*n + 3 - 15. Suppose 85 = -i + n*i. Let z = i + -10. List the prime factors of z.
7
Let k = 58 - 55. Suppose -g + 3*w = -3 - 2, -w = -k*g + 15. What are the prime factors of g?
5
Suppose 50*y + 8049 = 198199. List the prime factors of y.
3803
Let q(i) = 6*i + 61. Let f be q(-10). Let d be ((-14)/(-8))/(1/4). Let r = f + d. What are the prime factors of r?
2
Suppose 3*a + 54 = 4*z, 20 = 3*z + 5*a - 6. Let k be (-1)/(-3 - (-38)/z). Let s = 10 + k. What are the prime factors of s?
2
Let q(y) = -y**2 - 17*y - 28. Let w be q(-15). Suppose -2*r + 72 = k, -3*r + 115 = -w*k - 0*k. List the prime factors of r.
37
Let l(n) = n**3 - 6*n**2 + 5*n + 2. Let x(c) = 2*c**3 - 3*c**2 + 1. Let u be x(2). Let a be l(u). Suppose 0 = a*v + 4*v - 240. List the prime factors of v.
2, 5
Let f(z) = 2*z - 5. Let c be f(6). Suppose 0 = -2*w + c*w - 450. What are the prime factors of w?
2, 3, 5
Let u be (-32)/10 + 11/55. Let z be 1*(3 + -1 - u). Suppose -z*y + 76 = -y. List the prime factors of y.
19
Suppose -n = 4*d - 17, 18 = -2*n + 5*d - 0*d. List the prime factors of (1/3)/(n + (-202)/204).
2, 17
Suppose -l = 4 + 1, -15 = 5*h + 2*l. What are the prime factors of (h - -11) + 2 + -1?
11
Let c = -53 - -45. List the prime factors of 130/2 - 2*4/c.
2, 3, 11
Let d be 3*6/9 - 20/(-10). What are the prime factors of 111/d*(-3)/((-3)/8)?
2, 3, 37
Suppose 49*w - 31*w - 38700 = 0. List the prime factors of w.
2, 5, 43
Suppose -2*n = -79*n + 105644. List the prime factors of n.
2, 7
List the prime factors of 16032/16 - (-7)/(-1).
5, 199
Let b(k) = k**3 + 8*k**2 - 6*k - 1. Let x(p) = -p**2 + 21*p - 6. Let s be x(21). List the prime factors of b(s).
107
Let y = 53 + -48. Suppose 0 = -w + y*g + 99, w = -2*w + 5*g + 287. What are the prime factors of w?
2, 47
Let o(g) = -g**3 - 4*g**2 + 3*g + 5. Let x be o(-4). Suppose -a - 3*m + 53 = -6*a, a - 2*m + 5 = 0. Let n = x - a. What are the prime factors of n?
2, 3
Suppose -48 = -4*x + x. Suppose -5*s = 5*w, 4*s + x = -0*s. Suppose -y + 35 = j, w*j + 5*y - 31 = 3*j. List the prime factors of j.
2, 3
Let z(o) = -o - 1. Let h(v) = -7*v - 8. Let x(m) = h(m) - 6*z(m). Let u be x(1). Let c = u + 5. List the prime factors of c.
2
Let h = 57 + -50. Suppose 3*y - h*y + 608 = 0. What are the prime factors of y?
2, 19
Let m(z) be the first derivative of z**4/4 - 5*z**3/3 + 3*z**2/2 - z - 4. Let x be m(7). Let a = x + -68. What are the prime factors of a?
2, 5
Suppose 11*w + 354 = 5084. What are the prime factors of w?
2, 5, 43
Let d = -76 - 13. Let p = 95 + d. What are the prime factors of p?
2, 3
Let t be (-48)/(-60)*(-1 - -6). Suppose 3*r = -5*n + 30, -5*r + 61 + 26 = -t*n. What are the prime factors of r?
3, 5
Suppose 14*z - 15846 = -4380. List the prime factors of z.
3, 7, 13
Suppose -13*t + 8*t = 2*d - 6788, -t = 2*d - 1356. List the prime factors of t.
2, 7, 97
Let f(n) = -n**2 - 17*n - 15. Suppose 5*z = -10 - 45. What are the prime factors of f(z)?
3, 17
Let x(v) = v**2 + v + 1. Let r be x(-1). List the prime factors of (r + 10/(-4))*2752/(-48).
2, 43
Suppose -5*y + 112 = -3*u - u, 2*y + u = 37. Suppose t - y = 32. What are the prime factors of t?
2, 13
Let r be 0*(-2)/(-6) + 2. Let s be (-6 + 2)/(r/4). Let q = s - -32. List the prime factors of q.
2, 3
List the prime factors of 10/(-70) + -4*2360/(-28).
337
Let j(b) = -3*b**3 - 17*b**2 + 7*b + 10. Let p(q) = 2*q**3 + 16*q**2 - 8*q - 10. Let v(x) = 3*j(x) + 4*p(x). List the prime factors of v(12).
2
Suppose 0 = -h + 3 + 6. Suppose 0 = h*b - 86 - 67. List the prime factors of b.
17
Suppose 0 = 2*y + y + 3*t + 12, 2*y = -4*t - 16. Suppose r - 50 - 27 = y. What are the prime factors of r?
7, 11
Suppose -x = -6*x + 275. Suppose 3*p = -3*u + 159, -5*p = -4*p + 2*u - x. What are the prime factors of p?
3, 17
Let l(f) = 30*f**3 + f**2 - 2*f - 1. What are the prime factors of l(3)?
2, 7, 29
What are the prime factors of (-6 - 90/(-12))*1556/3?
2, 389
Suppose n = -n + 8. Let d(x) be the third derivative of -x**6/120 + x**5/10 - x**4/6 - 2*x**3/3 + x**2. What are the prime factors of d(n)?
2, 3
Let z = 68 + -52. Suppose -h - 3390 = -z*h. What are the prime factors of h?
2, 113
Suppose 1300 = -16*y + 16836. What are the prime factors of y?
971
Let j(n) = n**2 + 2*n + 4. Let a be j(-4). Let p be 3*a*16/8. Suppose p = y + y. List the prime factors of y.
2, 3
Let x(k) = -10*k - 1. Suppose -50 - 27 = 7*o. List the prime factors of x(o).
109
Let p(x) = -9*x**2 - 2*x**3 - 31 + 2*x + x**3 + 5*x**2 + 18*x**2. List the prime factors of p(13).
2, 41
Suppose 0 = -5*h + 2342 + 418. What are the prime factors of h?
2, 3, 23
Let g(l) be the second derivative of 1/12*l**4 - l**3 - l + 0 + 3/2*l**2. List the prime factors of g(6).
3
Let v be 0 + 70 + 4 - -6. Let s(j) = j**2 - j + 2. Let x be s(2). Suppose -2*y + 3*p - 96 = -x*y, -2*y + v = -p. List the prime factors of y.
2, 3, 7
Suppose -2*w - 34 = -40. Suppose -3*m + 5*q + 540 = 2*q, -4*q = w*m - 540. What are the prime factors of m?
2, 3, 5
Let l(o) = 13 - o - 8 - 4. Let b be l(-13). Let v = b + -11. List the prime factors of v.
3
Let w(k) = 57*k**2 + 2*k - 6. List the prime factors of w(-3).
3, 167
Suppose -3*p + p = 5*i - 1389, -p - 3 = 0. Suppose -v + 4*v = i. List the prime factors of v.
3, 31
Suppose -c + 1842 = 5*c. Suppose -5*q + 254 = 3*p, -q + c + 26 = 4*p. List the prime factors of p.
83
Let x = 61 - -932. What are the prime factors of x?
3, 331
Let z(x) = x**2 + 2*x - 5. Let v be z(-5). Let j = -8 + v. Suppose -j*f - 12 = -86. List the prime factors of f.
37
Suppose a - 3 = 4*o, -3*o - 4*a + 0*a + 12 = 0. Suppose o*q = q - 53. What are the prime factors of q?
53
Suppose -3*b = -51 - 153. Let n = -28 + b. List the prime factors of n.
2, 5
Suppose -558 = -5*q - 2*o, -2*o = -2 + 4. What are the prime 